 i(h) = -h**3 + 7*h**2 + 2*h + 5. What is the remainder when i(6) is divided by c(o)?
11
What is the remainder when 17 is divided by 74/14 - (12/(-7) + 2)?
2
Let g = 29 - 26. Let j(k) = -k**3 + 4*k**2 + 3*k - 4. What is the remainder when j(4) is divided by g?
2
Let q = 0 + 4. Let l(n) = 4*n - 30. What is the remainder when l(9) is divided by q?
2
Let h be 10/25*10/4. Calculate the remainder when h/(41/(-21) + 2) is divided by 11.
10
Let a be 4/(-6)*(-63)/6. Let n = -5 + a. What is the remainder when n is divided by 2?
0
Suppose 3*k + 2*f = 77, -k = 2*f - 4*f - 23. What is the remainder when k is divided by -21*(-1 + (-1)/(-3))?
11
Let x be 12/42 + 38/14. Suppose -x*v = -5*v + 54. What is the remainder when v is divided by 10?
7
What is the remainder when 5/(-2)*814/(-55) is divided by 13?
11
Let m(a) = -a + 12. Let p be (-1 - 0) + 10 - 1. Calculate the remainder when 13 is divided by m(p).
1
Suppose -15 = -0*r - 3*r. Suppose 0 = 6*w - 2*w - 3*d - 54, -55 = -3*w - r*d. Calculate the remainder when w is divided by 6.
3
Suppose 4*o - 54 = o. Calculate the remainder when 33 is divided by o.
15
Let v be -10 - -2*(3 - 2). Let f = v + 12. Suppose 0 = 5*r + 4*x - 85, 0 = f*r - 3*x - 17 - 20. What is the remainder when 24 is divided by r?
11
Let m = -146 - -222. Suppose m = -0*v + 4*v. Let u = v - 10. Calculate the remainder when 25 is divided by u.
7
Suppose 5 = g - 2. Suppose 4*y - 51 = -3*w, -3*w + 14 = y - w. Calculate the remainder when y is divided by g.
5
Suppose -3*d = -3*q + 18, -5*d - 15 = -q + 7. What is the remainder when (-1)/(-1*(-2)/(-14)) is divided by (-2)/(d/(-3) - 2)?
1
Suppose -5*g = -9*g + 48. What is the remainder when 58 is divided by g?
10
Let z(t) = -10*t**2 - 6*t - 13. Let a(i) = -3*i**2 - 2*i - 4. Let v(s) = -7*a(s) + 2*z(s). Calculate the remainder when v(-6) is divided by 14.
12
Let t = -29 + 62. Calculate the remainder when t is divided by 74/6 - 4/12.
9
What is the remainder when 74 is divided by (-4)/1 - (-38)/2?
14
Suppose 5*k - 3 = 2. Suppose 2 = n + k. What is the remainder when ((-2)/6)/(1/(-6)) is divided by n?
0
Let r(m) = m**2 - 5*m + 5. Let k be r(4). Let c(j) = -j**3 + 6*j**2 - 4*j + 1. Calculate the remainder when -1 - ((-18)/k - 0) is divided by c(5).
5
Calculate the remainder when 46 - ((-7)/(-21))/(1/(-3)) is divided by 8.
7
Let h = 7 + -2. Suppose -l - 3*a = l - 3, h*a = -2*l + 9. Calculate the remainder when 22 is divided by 4*(l - -2)*-3.
10
Suppose 4*p - 64 = -4*d, -32 = -3*d + d + p. What is the remainder when d is divided by 7?
2
Suppose s - 6*s + 20 = 0. Suppose -2*r + 6 = r. Suppose 0 = 2*z - z - r. Calculate the remainder when s is divided by z.
0
What is the remainder when -2 - (204/(-3))/4 is divided by 6?
3
Suppose 5*t + 2*x - 199 = 0, 5*t - t - 150 = 3*x. What is the remainder when t is divided by (15 - 0)*2/3?
9
Calculate the remainder when 168/36 + (-4)/(-3) is divided by 4.
2
Let y(b) = -4 + 0*b**3 - 4*b**2 + 3*b - b**3 + b**2. Let j be y(-4). Suppose 4*o - 140 - 36 = j. Calculate the remainder when o is divided by 15.
14
Suppose 4*u + 8 = -b - 6, -u = -5*b - 7. What is the remainder when (b - -3)*212/4 is divided by 19?
15
Suppose 5*m - 41 - 44 = 0. What is the remainder when m is divided by 6?
5
Let p(j) = j**2 + 3*j + 2. Let l(i) = i**3 + 7*i**2 + i - 8. What is the remainder when p(5) is divided by l(-6)?
20
Suppose -4*g + 24 = 2*f, 23 = 3*f - 5*g - 13. Calculate the remainder when 21 is divided by f.
9
Let m = -13 - -9. Let a(x) = -x**2 - 5*x + 2. Let y be a(m). Let n(j) = -j**3 + 7*j**2 - 4*j - 7. What is the remainder when 14 is divided by n(y)?
4
Let c = -18 - -29. What is the remainder when 2/(-11) - (-277)/c is divided by (72/(-32))/((-1)/4)?
7
Let l(g) = 2*g**3 - g**2 + 2*g. Suppose 3*t + 0*t = 3. Let a = 1 + t. What is the remainder when l(a) is divided by 9?
7
Let q(p) = -p**3 + 3*p**2 + 2*p + 1. Let b(i) = i - 8. Let z be b(8). Suppose 66 = 2*f - z*f. Calculate the remainder when f is divided by q(-2).
16
Let b be -3 - (2 + 1 - 10). Suppose -3*r + 2*p - p + 34 = 0, -b*p = r + 6. Let f(s) = -19*s. What is the remainder when f(-1) is divided by r?
9
Let z = -7 - -27. What is the remainder when z is divided by 10?
0
Let w be (-3)/9*3*0. Suppose w = -2*h - 2*u + 22, 33 = 3*h - 0*h - u. What is the remainder when (-9)/(-2)*(-40)/(-6) is divided by h?
8
Let n be (-8)/56 + (-128)/(-14). Let g(a) = a + 2. Calculate the remainder when 32 is divided by g(n).
10
What is the remainder when 16 is divided by (4/(-12))/(1/5)*-6?
6
Let c be 4/(-11 + 3)*-10. Suppose 3*x - 2*j - 30 = 0, c*x - 3*j = 53 - 3. Let r = -62 - -90. Calculate the remainder when r is divided by x.
8
Let q(n) = 2*n - 1. Let u be q(4). Let s = u + -2. Let a(t) = 2*t + 7. Calculate the remainder when a(s) is divided by 9.
8
Let y = 55 + -33. Suppose 0 = -f + 3*f - 86. Calculate the remainder when f is divided by y.
21
Suppose 3*p - 40 + 10 = 0. Suppose 4*t + 22 + p = 4*a, 4*a - 5*t = 29. Calculate the remainder when 19 is divided by a.
8
Let w(o) = 16*o**2 - 2*o - 1. Suppose -3*j + 0*j + 6 = 0. Calculate the remainder when w(-1) is divided by (j - 4)*1 + 8.
5
Suppose 228 = 3*f + f. Let v be (3 - -5)/(-3 + 4). Let x(r) = -r**2 + 9*r + 7. What is the remainder when f is divided by x(v)?
12
Suppose 5*r - 4 = 3*r. Suppose -r*o = -o - 13. Calculate the remainder when 38 is divided by o.
12
Let s be ((-4)/(-6))/((-4)/(-18)). Suppose -s*m = -3 + 12. Let h = m - -5. What is the remainder when h is divided by 2?
0
Let w(f) be the second derivative of 0 - 4/3*f**3 - 5/2*f**2 - 1/12*f**4 + 3*f. What is the remainder when 28 is divided by w(-5)?
8
Let h(u) = -u**3 + 11*u**2 - 7*u + 9. Let n(a) = 3*a**3 - 4*a**2 + 4*a - 2. What is the remainder when h(10) is divided by n(2)?
11
Let o(y) = 2*y + 13. Let g be o(-10). Calculate the remainder when 47 is divided by g/(-14)*(1 - -47).
23
Suppose 34 - 10 = 4*h. Suppose -h = -2*p + 20. Calculate the remainder when 37 is divided by p.
11
Let r(p) = p**3 + 8*p**2 + 9*p. What is the remainder when (5 - 8)/((-1)/23) is divided by r(-6)?
15
Let t = -120 - -206. What is the remainder when t is divided by 22?
20
Let w(b) = 1 + b**3 - 2*b + 5*b - 3*b**2 - b. Suppose 5*v = 15 + 30. What is the remainder when w(4) is divided by v?
7
Let k(g) = 2*g**3 + g**2 + g. Let p be k(-1). Suppose -4*w = n - 17, w + 3*w = 3*n - 35. What is the remainder when n is divided by 1*(-14)/4*p?
6
Suppose 4*y = -12, 39 = o - 3*o - 3*y. Suppose -2*r = 7 + 11. Let a = r - o. Calculate the remainder when a is divided by 4.
2
Let c(d) = 4*d - 7. Let m(w) = w**2 - 3*w + 6. Let k(x) = 6*c(x) + 7*m(x). What is the remainder when k(-2) is divided by 12?
10
Suppose 2*v + 10 = 4*v - n, 5*v - 30 = 5*n. Let y(r) = 3*r. What is the remainder when y(2) is divided by v?
2
Suppose 60 = -5*f + f - 4*b, 60 = -4*f + 2*b. What is the remainder when ((-6)/f)/(2/50) is divided by 6?
4
Suppose 4*u + 36 = 5*l, -18 = 3*u - u - 2*l. Let q = -1 - u. Calculate the remainder when 21 is divided by q.
5
Let a(z) = z**3 - 3*z**2 - 3. Let l be -3 + (1 + -2 - -2). Let r = l + 9. What is the remainder when a(4) is divided by r?
6
Suppose -o = 5*y + o - 19, o + 4 = 2*y. Suppose 88 = 4*h + 3*m - 94, y*m + 241 = 5*h. Calculate the remainder when h is divided by 16.
15
Let r(b) = 3*b**2 + 23*b + 38. Calculate the remainder when r(-9) is divided by 4.
2
Let w = -56 + 116. Calculate the remainder when 15 is divided by (12/(-10))/((-9)/w).
7
Let f(h) be the first derivative of -h**3/3 + 7*h**2/2 + 7*h - 1. Suppose -3*o - 4 = -25. What is the remainder when f(6) is divided by o?
6
Suppose 0 = 9*j - 5*j - 224. Calculate the remainder when j is divided by 19.
18
Suppose v = 5*i + 29, -3*i = 4*v - v + 3. What is the remainder when (-2 - -18)*1 + -2 is divided by (-1)/v - 165/(-20)?
6
Let k(c) = c + 54. Calculate the remainder when 85 is divided by k(-24).
25
Suppose 0 = -10*y + 5*y + 160. What is the remainder when y is divided by 11?
10
Let x = 182 + -129. Suppose -2*z + x + 23 = 0. What is the remainder when z is divided by (-2)/(-6)*(-39)/(-1)?
12
Let i = -17 - -35. Let w(a) = -a**2 - 33*a - 37. What is the remainder when w(-30) is divided by i?
17
Let z(v) = 22*v**3 - 2*v + 1. What is the remainder when 37 is divided by z(1)?
16
Let d(r) = r**2 + 2*r - 1. Let b